{"id":8,"date":"2025-01-14T18:36:13","date_gmt":"2025-01-14T18:36:13","guid":{"rendered":"https:\/\/www.schmuck-truhe-reh.de\/?page_id=8"},"modified":"2026-05-07T08:47:06","modified_gmt":"2026-05-07T08:47:06","slug":"elementor-8","status":"publish","type":"page","link":"https:\/\/www.schmuck-truhe-reh.de\/","title":{"rendered":"Herzlich Willkommen!"},"content":{"rendered":"\t\t<div data-elementor-type=\"wp-page\" data-elementor-id=\"8\" class=\"elementor elementor-8\">\n\t\t\t\t<div class=\"elementor-element elementor-element-6d86061 e-flex e-con-boxed e-con e-parent\" data-id=\"6d86061\" data-element_type=\"container\">\n\t\t\t\t\t<div class=\"e-con-inner\">\n\t\t\t\t<div class=\"elementor-element elementor-element-585922a elementor-widget elementor-widget-text-editor\" data-id=\"585922a\" data-element_type=\"widget\" data-widget_type=\"text-editor.default\">\n\t\t\t\t<div class=\"elementor-widget-container\">\n\t\t\t\t\t\t\t\t\t<h2>\u201e<strong>Der Tradition verpflichtet und dem Fortschritt verbunden<\/strong>\u201c so lautet die Philosophie unseres seit 1965 bestehenden Familienunternehmens.<\/h2><p>Unser au\u00dfergew\u00f6hnliches Schmuckangebot \u00fcberzeugt durch Originalit\u00e4t und handwerkliche Designleistung. Mit namhaften Hersteller wie <a href=\"http:\/\/www.quinn.de\/de\/home.html\" target=\"_blank\" rel=\"noopener\">Quinn<\/a>, <a href=\"http:\/\/www.breuning.de\/\" target=\"_blank\" rel=\"noopener\">Breuning<\/a>, <a href=\"http:\/\/saintmaurice.de\/catalog\/\" target=\"_blank\" rel=\"noopener\">Saint Maurice<\/a> und <a href=\"http:\/\/www.di-perle.de\/\" target=\"_blank\" rel=\"noopener\">Di Perle<\/a> stehen wir f\u00fcr beste Qualtit\u00e4t.<\/p><p>Unser aktuelles Sortiment gl\u00e4nzt vor allem durch die Schmuckst\u00fccke von Bernd Wolf.\u00a0Schauen Sie sich auch gerne Online auf den Seiten der\u00a0<a href=\"https:\/\/www.berndwolf.de\/SchmuckTruheRehNeuUlm\" target=\"_blank\" rel=\"noopener\">BERND WOLF Manufaktur<\/a>\u00a0um oder \u00fcberzeugen Sie sich vor Ort in unserem Gesch\u00e4ft.<\/p><p>Die W\u00fcnsche unserer Kunden werden durch freundliche Beratung, Kompetenz und Leidenschaft f\u00fcr zeitgen\u00f6ssischen Schmuck und Uhren erf\u00fcllt.<\/p><p><!--<\/p>\n<h3>Wir f\u00fcr Sie da:<\/h3>\n<div style=\"padding: 10px 0 20px 30px;\">\n<div style=\"padding-left: 10px; font-weight: bold;\">\n<div style=\"float: left; width: 105px;\">Montag<\/div>\n<div style=\"float: left; width: 105px;\">9 - 13 Uhr<\/div>\n<div style=\"float: left; width: 105px;\">14.30 - 18 Uhr<\/div>\n<div style=\"clear: both;\"><\/div>\n<div style=\"float: left; width: 105px;\">Dienstag<\/div>\n<div style=\"float: left; width: 105px;\">9 - 13 Uhr<\/div>\n<div style=\"float: left; width: 105px;\">14.30 - 18 Uhr<\/div>\n<div style=\"clear: both;\"><\/div>\n<div style=\"float: left; width: 105px;\">Mittwoch<\/div>\n<div style=\"float: left; width: 105px;\">9 - 12.30 Uhr<\/div>\n<div style=\"clear: both;\"><\/div>\n<div style=\"float: left; width: 105px;\">Donnerstag<\/div>\n<div style=\"float: left; width: 105px;\">9 - 13 Uhr<\/div>\n<div style=\"float: left; width: 105px;\">14.30 - 18 Uhr<\/div>\n<div style=\"clear: both;\"><\/div>\n<div style=\"float: left; width: 105px;\">Freitag<\/div>\n<div style=\"float: left; width: 105px;\">9 - 13 Uhr<\/div>\n<div style=\"float: left; width: 105px;\">14.30 - 18 Uhr<\/div>\n<div style=\"clear: both;\"><\/div>\n<div style=\"float: left; width: 105px;\">Samstag<\/div>\n<div style=\"float: left; width: 105px;\">9 - 12.30 Uhr<\/div>\n<div style=\"clear: both;\"><\/div>\n<\/div>\n<\/div>\n<div style=\"padding: 10px 0 20px 30px;\"><\/div>\n<h1 style=\"color: darkred;\">Covid-19 Hinweise<\/h1>\n<p>Bitte beachten Sie die Regeln f\u00fcr Eink\u00e4ufe in Bayern, halten 1,50 Meter Abstand und tragen eine FFP2-Maske. Zudem darf sich nur eine Person\/Haushalt zeitgleich im Gesch\u00e4ft aufhalten, dazu haben wir Abstandsmarkierungen angebracht. Reparaturen k\u00f6nnen wir annehmen, bitte rechnen Sie mit l\u00e4ngeren Reparaturzeiten.<br \/>--><\/p>\t\t\t\t\t\t\t\t<\/div>\n\t\t\t\t<\/div>\n\t\t\t\t<div class=\"elementor-element elementor-element-3638205a elementor-alert-danger elementor-widget elementor-widget-alert\" data-id=\"3638205a\" data-element_type=\"widget\" data-widget_type=\"alert.default\">\n\t\t\t\t<div class=\"elementor-widget-container\">\n\t\t\t\t\t\t\t<div class=\"elementor-alert\" role=\"alert\">\n\n\t\t\t\t\t\t<span class=\"elementor-alert-title\">Ge\u00e4nderte \u00d6ffnungszeiten<\/span>\n\t\t\t\n\t\t\t\t\t\t<span class=\"elementor-alert-description\">Liebe Kundinnen und Kunden, \nwir haben an folgenden Tagen ge\u00e4nderte \u00d6ffnungszeiten: <\/span>\n\t\t\t\n\t\t\t\n\t\t<\/div>\n\t\t\t\t\t\t<\/div>\n\t\t\t\t<\/div>\n\t\t\t\t<div class=\"elementor-element elementor-element-608f756 elementor-alert-danger elementor-widget elementor-widget-alert\" data-id=\"608f756\" data-element_type=\"widget\" data-widget_type=\"alert.default\">\n\t\t\t\t<div class=\"elementor-widget-container\">\n\t\t\t\t\t\t\t<div class=\"elementor-alert\" role=\"alert\">\n\n\t\t\t\n\t\t\t\t\t\t<span class=\"elementor-alert-description\">Am Donnerstag, den 7. Mai haben wir nur bis 12 Uhr ge\u00f6ffnet!\n<\/span>\n\t\t\t\n\t\t\t\n\t\t<\/div>\n\t\t\t\t\t\t<\/div>\n\t\t\t\t<\/div>\n\t\t\t\t<div class=\"elementor-element elementor-element-29abd32 elementor-arrows-position-inside elementor-widget elementor-widget-image-carousel\" data-id=\"29abd32\" data-element_type=\"widget\" data-settings=\"{&quot;slides_to_show&quot;:&quot;1&quot;,&quot;navigation&quot;:&quot;arrows&quot;,&quot;effect&quot;:&quot;fade&quot;,&quot;autoplay&quot;:&quot;yes&quot;,&quot;pause_on_hover&quot;:&quot;yes&quot;,&quot;pause_on_interaction&quot;:&quot;yes&quot;,&quot;autoplay_speed&quot;:5000,&quot;infinite&quot;:&quot;yes&quot;,&quot;speed&quot;:500}\" data-widget_type=\"image-carousel.default\">\n\t\t\t\t<div class=\"elementor-widget-container\">\n\t\t\t\t\t\t\t<div class=\"elementor-image-carousel-wrapper swiper\" role=\"region\" aria-roledescription=\"carousel\" aria-label=\"Bild Karussell\" dir=\"ltr\">\n\t\t\t<div class=\"elementor-image-carousel swiper-wrapper\" aria-live=\"off\">\n\t\t\t\t\t\t\t\t<div class=\"swiper-slide\" role=\"group\" aria-roledescription=\"slide\" aria-label=\"1 von 6\"><figure class=\"swiper-slide-inner\"><img decoding=\"async\" class=\"swiper-slide-image\" src=\"https:\/\/www.schmuck-truhe-reh.de\/wp-content\/uploads\/2025\/01\/B027EFAF-711F-4361-9CF9-009BFA323D73-700x450-2.jpeg\" alt=\"B027EFAF-711F-4361-9CF9-009BFA323D73-700x450-2\" \/><\/figure><\/div><div class=\"swiper-slide\" role=\"group\" aria-roledescription=\"slide\" aria-label=\"2 von 6\"><figure class=\"swiper-slide-inner\"><img decoding=\"async\" class=\"swiper-slide-image\" src=\"https:\/\/www.schmuck-truhe-reh.de\/wp-content\/uploads\/2025\/01\/IMG_1020-1-700x450-2.jpeg\" alt=\"IMG_1020-1-700x450-2\" \/><\/figure><\/div><div class=\"swiper-slide\" role=\"group\" aria-roledescription=\"slide\" aria-label=\"3 von 6\"><figure class=\"swiper-slide-inner\"><img decoding=\"async\" class=\"swiper-slide-image\" src=\"https:\/\/www.schmuck-truhe-reh.de\/wp-content\/uploads\/2025\/01\/F3814369-EC74-4920-93B7-D7E28BD9CE2F-700x450-2.jpeg\" alt=\"F3814369-EC74-4920-93B7-D7E28BD9CE2F-700x450-2\" \/><\/figure><\/div><div class=\"swiper-slide\" role=\"group\" aria-roledescription=\"slide\" aria-label=\"4 von 6\"><figure class=\"swiper-slide-inner\"><img decoding=\"async\" class=\"swiper-slide-image\" src=\"https:\/\/www.schmuck-truhe-reh.de\/wp-content\/uploads\/2025\/01\/D308D20D-85CE-48C6-B08B-D00CD54904E6-700x450-2.jpeg\" alt=\"D308D20D-85CE-48C6-B08B-D00CD54904E6-700x450-2\" \/><\/figure><\/div><div class=\"swiper-slide\" role=\"group\" aria-roledescription=\"slide\" aria-label=\"5 von 6\"><figure class=\"swiper-slide-inner\"><img decoding=\"async\" class=\"swiper-slide-image\" src=\"https:\/\/www.schmuck-truhe-reh.de\/wp-content\/uploads\/2025\/01\/7F022255-605D-4446-A9DF-9EC8F8A6449E-700x450-2.jpeg\" alt=\"7F022255-605D-4446-A9DF-9EC8F8A6449E-700x450-2\" \/><\/figure><\/div><div class=\"swiper-slide\" role=\"group\" aria-roledescription=\"slide\" aria-label=\"6 von 6\"><figure class=\"swiper-slide-inner\"><img decoding=\"async\" class=\"swiper-slide-image\" src=\"https:\/\/www.schmuck-truhe-reh.de\/wp-content\/uploads\/2025\/01\/1A487CD1-2179-4806-9854-A79EC18D952C-700x450-2.jpeg\" alt=\"1A487CD1-2179-4806-9854-A79EC18D952C-700x450-2\" \/><\/figure><\/div>\t\t\t<\/div>\n\t\t\t\t\t\t\t\t\t\t\t\t<div class=\"elementor-swiper-button elementor-swiper-button-prev\" role=\"button\" tabindex=\"0\">\n\t\t\t\t\t\t<svg aria-hidden=\"true\" class=\"e-font-icon-svg e-eicon-chevron-left\" viewBox=\"0 0 1000 1000\" xmlns=\"http:\/\/www.w3.org\/2000\/svg\"><path d=\"M646 125C629 125 613 133 604 142L308 442C296 454 292 471 292 487 292 504 296 521 308 533L604 854C617 867 629 875 646 875 663 875 679 871 692 858 704 846 713 829 713 812 713 796 708 779 692 767L438 487 692 225C700 217 708 204 708 187 708 171 704 154 692 142 675 129 663 125 646 125Z\"><\/path><\/svg>\t\t\t\t\t<\/div>\n\t\t\t\t\t<div class=\"elementor-swiper-button elementor-swiper-button-next\" role=\"button\" tabindex=\"0\">\n\t\t\t\t\t\t<svg aria-hidden=\"true\" class=\"e-font-icon-svg e-eicon-chevron-right\" viewBox=\"0 0 1000 1000\" xmlns=\"http:\/\/www.w3.org\/2000\/svg\"><path d=\"M696 533C708 521 713 504 713 487 713 471 708 454 696 446L400 146C388 133 375 125 354 125 338 125 325 129 313 142 300 154 292 171 292 187 292 204 296 221 308 233L563 492 304 771C292 783 288 800 288 817 288 833 296 850 308 863 321 871 338 875 354 875 371 875 388 867 400 854L696 533Z\"><\/path><\/svg>\t\t\t\t\t<\/div>\n\t\t\t\t\n\t\t\t\t\t\t\t\t\t<\/div>\n\t\t\t\t\t\t<\/div>\n\t\t\t\t<\/div>\n\t\t\t\t<div class=\"elementor-element elementor-element-4a810e8 elementor-widget-divider--view-line elementor-widget elementor-widget-divider\" data-id=\"4a810e8\" data-element_type=\"widget\" data-widget_type=\"divider.default\">\n\t\t\t\t<div class=\"elementor-widget-container\">\n\t\t\t\t\t\t\t<div class=\"elementor-divider\">\n\t\t\t<span class=\"elementor-divider-separator\">\n\t\t\t\t\t\t<\/span>\n\t\t<\/div>\n\t\t\t\t\t\t<\/div>\n\t\t\t\t<\/div>\n\t\t\t\t<div class=\"elementor-element elementor-element-240c961 elementor-widget elementor-widget-text-editor\" data-id=\"240c961\" data-element_type=\"widget\" data-widget_type=\"text-editor.default\">\n\t\t\t\t<div class=\"elementor-widget-container\">\n\t\t\t\t\t\t\t\t\t<div style=\"padding: 10px 0 20px 50px; color: darkred; font-weight: bold;\">\u00a0<\/div><h2 style=\"color: darkred;\"><span style=\"color: #008080;\">Unsere \u00d6ffnungszeiten<\/span><\/h2><div style=\"padding: 10px 0 20px 30px;\"><div style=\"padding-left: 10px; font-weight: bold;\"><div style=\"float: left; width: 105px;\">Montag<\/div><div style=\"float: left; width: 125px;\">geschlossen<\/div><div style=\"clear: both;\"><div style=\"float: left; width: 105px;\">Dienstag<\/div><div style=\"float: left; width: 125px;\">10 &#8211; 12.30 Uhr<\/div><div style=\"float: left; width: 125px;\">14 &#8211; 17 Uhr<\/div><div style=\"clear: both;\">\u00a0<\/div><div style=\"float: left; width: 105px;\">Mittwoch<\/div><div style=\"float: left; width: 125px;\">9 &#8211; 12 Uhr<\/div><div style=\"clear: both;\">\u00a0<\/div><div style=\"float: left; width: 105px;\">Donnerstag<\/div><div style=\"float: left; width: 125px;\">10 &#8211; 12.30 Uhr<\/div><div style=\"float: left; width: 125px;\">14 &#8211; 18 Uhr<\/div><div style=\"clear: both;\">\u00a0<\/div><div style=\"float: left; width: 105px;\">Freitag<\/div><div style=\"float: left; width: 125px;\">10 &#8211; 16 Uhr<\/div><div style=\"float: left; width: 125px;\">\u00a0<\/div><div style=\"clear: both;\">\u00a0<\/div><div style=\"float: left; width: 105px;\">Samstag<\/div><div style=\"float: left; width: 125px;\">9 &#8211; 12 Uhr<\/div><\/div><\/div><\/div><p>Gerne vereinbaren wir auch Termine au\u00dferhalb der \u00d6ffnungszeiten mit Ihnen, kontaktieren Sie uns dazu am besten per E-Mail an\u00a0<a href=\"mailto:info@schmuck-truhe-reh.de\">info@schmuck-truhe-reh.de<\/a>.<\/p><p>Bei Fragen stehen wir Ihnen auch telefonisch unter 0731-77874 oder per Mail unter\u00a0<a href=\"mailto:info@schmuck-truhe-reh.de\">info@schmuck-truhe-reh.de<\/a>\u00a0zur Verf\u00fcgung.<\/p><p><!--<\/p>\n<h2>Order &amp; Collect<\/h2>\n<p><img decoding=\"async\" class=\" wp-image-161 alignright\" title=\"Order &amp; Collect\" alt=\"\" src=\"https:\/\/www.schmuck-truhe-reh.de\/wp-content\/uploads\/2013\/03\/oac-300x300.png\" width=\"180\" height=\"180\" \/><\/p>\n<div class=\"cituroContainer\"><\/div>\n<p><strong>Bestellen Sie bei uns per E-Mail oder telefonisch und holen Sie die Ware pers\u00f6nlich ab.<\/strong><br \/>Haben Sie konkrete W\u00fcnsche, so schreiben Sie uns gerne eine E-Mail (<a href=\"mailto:info@schmuck-truhe-reh.de\">info@schmuck-truhe-reh.de<\/a>), welches St\u00fcck aus dem Schaufenster Sie interessiert oder bitten Sie um R\u00fcckruf.<\/p>\n<p>Gerne k\u00f6nnen Sie uns aber auch Ihren Wunsch und Ihre Nummer auf dem Anrufbeantworter hinterlassen und wir rufen Sie gerne zur\u00fcck und beraten Sie am Telefon: 0731-77874.<\/p>\n<h2 style=\"color: darkred;\">Warenmitnahme und -abgabe nur nach telefonischer Terminvereinbarung<\/h2>\n<p><!--<\/p>\n<div style=\"padding: 10px 0 20px 30px;\">\n<div style=\"padding-left: 10px; font-weight: bold;\">\n<div style=\"float: left; width: 105px;\">Dienstag<\/div>\n<div style=\"float: left; width: 105px;\">10 - 12 Uhr<\/div>\n<div style=\"clear: both;\"><\/div>\n<div style=\"float: left; width: 105px;\">Mittwoch<\/div>\n<div style=\"float: left; width: 105px;\">10 - 12 Uhr<\/div>\n<div style=\"clear: both;\"><\/div>\n<div style=\"float: left; width: 105px;\">Freitag<\/div>\n<div style=\"float: left; width: 105px;\">10 - 12 Uhr<\/div>\n<div style=\"clear: both;\"><\/div>\n<div style=\"float: left; width: 105px;\">Samstag<\/div>\n<div style=\"float: left; width: 105px;\">10 - 12 Uhr<\/div>\n<div style=\"clear: both;\"><\/div>\n<\/div>\n<\/div>\n<p>--><\/p><p><!--<\/p>\n<h3>Wir f\u00fcr Sie da:<\/h3>\n<div style=\"padding: 10px 0 20px 30px;\">\n<div style=\"padding-left: 10px; font-weight: bold;\">\n<div style=\"float: left; width: 105px;\">Montag<\/div>\n<div style=\"float: left; width: 105px;\">9 - 13 Uhr<\/div>\n<div style=\"float: left; width: 105px;\">14.30 - 18 Uhr<\/div>\n<div style=\"clear: both;\"><\/div>\n<div style=\"float: left; width: 105px;\">Dienstag<\/div>\n<div style=\"float: left; width: 105px;\">9 - 13 Uhr<\/div>\n<div style=\"float: left; width: 105px;\">14.30 - 18 Uhr<\/div>\n<div style=\"clear: both;\"><\/div>\n<div style=\"float: left; width: 105px;\">Mittwoch<\/div>\n<div style=\"float: left; width: 105px;\">9 - 12.30 Uhr<\/div>\n<div style=\"clear: both;\"><\/div>\n<div style=\"float: left; width: 105px;\">Donnerstag<\/div>\n<div style=\"float: left; width: 105px;\">9 - 13 Uhr<\/div>\n<div style=\"float: left; width: 105px;\">14.30 - 18 Uhr<\/div>\n<div style=\"clear: both;\"><\/div>\n<div style=\"float: left; width: 105px;\">Freitag<\/div>\n<div style=\"float: left; width: 105px;\">9 - 13 Uhr<\/div>\n<div style=\"float: left; width: 105px;\">14.30 - 18 Uhr<\/div>\n<div style=\"clear: both;\"><\/div>\n<div style=\"float: left; width: 105px;\">Samstag<\/div>\n<div style=\"float: left; width: 105px;\">9 - 12.30 Uhr<\/div>\n<div style=\"clear: both;\"><\/div>\n<\/div>\n<\/div>\n<div style=\"padding: 10px 0 20px 30px;\"><\/div>\n<h1 style=\"color: darkred;\">Covid-19 Hinweise<\/h1>\n<p>Bitte beachten Sie die Regeln f\u00fcr Eink\u00e4ufe in Bayern, halten 1,50 Meter Abstand und tragen eine FFP2-Maske. Zudem darf sich nur eine Person\/Haushalt zeitgleich im Gesch\u00e4ft aufhalten, dazu haben wir Abstandsmarkierungen angebracht. Reparaturen k\u00f6nnen wir annehmen, bitte rechnen Sie mit l\u00e4ngeren Reparaturzeiten.<br \/>--><\/p>\t\t\t\t\t\t\t\t<\/div>\n\t\t\t\t<\/div>\n\t\t\t\t\t<\/div>\n\t\t\t\t<\/div>\n\t\t<div class=\"elementor-element elementor-element-5dc8e360 e-grid e-con-boxed e-con e-parent\" data-id=\"5dc8e360\" data-element_type=\"container\">\n\t\t\t\t\t<div class=\"e-con-inner\">\n\t\t\t\t\t<\/div>\n\t\t\t\t<\/div>\n\t\t\t\t<\/div>\n\t\t","protected":false},"excerpt":{"rendered":"<p>\u201eDer Tradition verpflichtet und dem Fortschritt verbunden\u201c so lautet die Philosophie unseres seit 1965 bestehenden Familienunternehmens. Unser au\u00dfergew\u00f6hnliches Schmuckangebot \u00fcberzeugt durch Originalit\u00e4t und handwerkliche Designleistung. Mit namhaften Hersteller wie Quinn, Breuning, Saint Maurice und Di Perle stehen wir f\u00fcr beste &hellip; <a href=\"https:\/\/www.schmuck-truhe-reh.de\/\">Weiterlesen <span class=\"meta-nav\">&rarr;<\/span><\/a><\/p>\n","protected":false},"author":1,"featured_media":0,"parent":0,"menu_order":0,"comment_status":"closed","ping_status":"closed","template":"","meta":{"footnotes":""},"class_list":["post-8","page","type-page","status-publish","hentry"],"_links":{"self":[{"href":"https:\/\/www.schmuck-truhe-reh.de\/index.php\/wp-json\/wp\/v2\/pages\/8","targetHints":{"allow":["GET"]}}],"collection":[{"href":"https:\/\/www.schmuck-truhe-reh.de\/index.php\/wp-json\/wp\/v2\/pages"}],"about":[{"href":"https:\/\/www.schmuck-truhe-reh.de\/index.php\/wp-json\/wp\/v2\/types\/page"}],"author":[{"embeddable":true,"href":"https:\/\/www.schmuck-truhe-reh.de\/index.php\/wp-json\/wp\/v2\/users\/1"}],"replies":[{"embeddable":true,"href":"https:\/\/www.schmuck-truhe-reh.de\/index.php\/wp-json\/wp\/v2\/comments?post=8"}],"version-history":[{"count":96,"href":"https:\/\/www.schmuck-truhe-reh.de\/index.php\/wp-json\/wp\/v2\/pages\/8\/revisions"}],"predecessor-version":[{"id":167,"href":"https:\/\/www.schmuck-truhe-reh.de\/index.php\/wp-json\/wp\/v2\/pages\/8\/revisions\/167"}],"wp:attachment":[{"href":"https:\/\/www.schmuck-truhe-reh.de\/index.php\/wp-json\/wp\/v2\/media?parent=8"}],"curies":[{"name":"wp","href":"https:\/\/api.w.org\/{rel}","templated":true}]}}